{"id":31,"date":"2017-04-06T12:56:49","date_gmt":"2017-04-06T12:56:49","guid":{"rendered":"http:\/\/loge-minerva-mainz.de\/?page_id=31"},"modified":"2026-02-13T15:53:13","modified_gmt":"2026-02-13T15:53:13","slug":"ueber-uns","status":"publish","type":"page","link":"https:\/\/loge-minerva-mainz.de\/?page_id=31","title":{"rendered":"\u00dcber uns"},"content":{"rendered":"<h1>Loge Minerva \u2013 Geschichte<\/h1>\n<p>Sehr verehrte Besucher, wir begr\u00fc\u00dfen Sie alle ganz herzlich auf unserer neuen Webseite. Wir freuen uns \u00fcber Ihr Interesse an dem\u00a0 Thema \u201eFreimaurerei\u201c.<\/p>\n<p>Unsere Loge Minerva am Rhein und Main wurde am 28.Juni 1967 gegr\u00fcndet und am 08.Juli 1967 in den Universalen FREIMAURERORDEN HUMANITAS aufgenommen.<br \/>\nAus personellen Gr\u00fcnden wurde die Loge im Jahre 1990 schlafen gelegt.<br \/>\nIm Jahre 2013 gr\u00fcndeten einige Freimaurermeister die Loge neu, und f\u00fchrten im November 2013 ihre erste Tempelarbeit durch. Wir geh\u00f6ren der Gro\u00dfloge \u201eHUMANITAS Freimaurergro\u00dfloge f\u00fcr Frauen und M\u00e4nner\u201c sowie dem internationalen Dachverband \u201eCATENA\u201c an.<br \/>\nUnsere Loge steht allen Menschen offen, die sich zu freimaurerischer Mitarbeit berufen f\u00fchlen, ohne Unterschied der Rasse, der Nation, des Glaubens, der Weltanschauung, des Standes, der Hautfarbe und des Geschlechts.<\/p>\n\n\n<p>Neuwahl des Meisters vom Stuhl:<\/p>\n\n\n\n<p><strong>Wahl des Stuhlmeisters der Freimaurerloge Minerva<\/strong><\/p>\n\n\n\n<p>Nach altem Brauchtum und gem\u00e4\u00df den geltenden Regeln unserer Loge fand am 31. Januar 2026 im Rahmen einer Vollversammlung der Logenmitglieder die Wahl eines neuen Meisters vom Stuhl statt. Diese Wahl markiert einen bedeutsamen Moment im Leben der Loge und steht zugleich f\u00fcr Kontinuit\u00e4t wie auch f\u00fcr Erneuerung innerhalb unserer br\u00fcderlichen Gemeinschaft.<\/p>\n\n\n\n<p>Der scheidende Meister vom Stuhl, der die Geschicke der Loge seit dem Jahr 2013 mit gro\u00dfem Engagement, Umsicht und Verantwortungsbewusstsein geleitet hat, hatte bereits im Vorfeld den Wunsch ge\u00e4u\u00dfert, die Leitung der Loge in j\u00fcngere H\u00e4nde zu \u00fcbergeben. Sein Wirken war gepr\u00e4gt von Best\u00e4ndigkeit, innerer Festigung der Loge sowie der Pflege freimaurerischer Werte und Traditionen.<\/p>\n\n\n\n<p>Mit der nun erfolgten Wahl verbindet sich die Hoffnung, dass der neu gew\u00e4hlte Stuhlmeister die bew\u00e4hrten Grundlagen weiterf\u00fchrt und zugleich neue Impulse setzt, damit die Loge Minerva auch k\u00fcnftig ein lebendiger Ort br\u00fcderlicher Begegnung, geistiger Arbeit und pers\u00f6nlicher Entwicklung bleibt. <\/p>\n","protected":false},"excerpt":{"rendered":"<p>Loge Minerva \u2013 Geschichte Sehr verehrte Besucher, wir begr\u00fc\u00dfen Sie alle ganz herzlich auf unserer neuen Webseite. Wir freuen uns \u00fcber Ihr Interesse an dem\u00a0 Thema \u201eFreimaurerei\u201c. Unsere Loge Minerva am Rhein und Main wurde am 28.Juni 1967 gegr\u00fcndet und am 08.Juli 1967 in den Universalen FREIMAURERORDEN HUMANITAS aufgenommen. Aus personellen Gr\u00fcnden wurde die Loge &hellip; <\/p>\n<p class=\"link-more\"><a href=\"https:\/\/loge-minerva-mainz.de\/?page_id=31\" class=\"more-link\"><span class=\"screen-reader-text\">\u201e\u00dcber uns\u201c <\/span>weiterlesen<\/a><\/p>\n","protected":false},"author":1,"featured_media":0,"parent":0,"menu_order":0,"comment_status":"closed","ping_status":"closed","template":"","meta":{"footnotes":""},"class_list":["post-31","page","type-page","status-publish","hentry"],"_links":{"self":[{"href":"https:\/\/loge-minerva-mainz.de\/index.php?rest_route=\/wp\/v2\/pages\/31","targetHints":{"allow":["GET"]}}],"collection":[{"href":"https:\/\/loge-minerva-mainz.de\/index.php?rest_route=\/wp\/v2\/pages"}],"about":[{"href":"https:\/\/loge-minerva-mainz.de\/index.php?rest_route=\/wp\/v2\/types\/page"}],"author":[{"embeddable":true,"href":"https:\/\/loge-minerva-mainz.de\/index.php?rest_route=\/wp\/v2\/users\/1"}],"replies":[{"embeddable":true,"href":"https:\/\/loge-minerva-mainz.de\/index.php?rest_route=%2Fwp%2Fv2%2Fcomments&post=31"}],"version-history":[{"count":10,"href":"https:\/\/loge-minerva-mainz.de\/index.php?rest_route=\/wp\/v2\/pages\/31\/revisions"}],"predecessor-version":[{"id":279,"href":"https:\/\/loge-minerva-mainz.de\/index.php?rest_route=\/wp\/v2\/pages\/31\/revisions\/279"}],"wp:attachment":[{"href":"https:\/\/loge-minerva-mainz.de\/index.php?rest_route=%2Fwp%2Fv2%2Fmedia&parent=31"}],"curies":[{"name":"wp","href":"https:\/\/api.w.org\/{rel}","templated":true}]}}

Über uns

<h1>Loge Minerva – Geschichte</h1>
<p>Sehr verehrte Besucher, wir begrüßen Sie alle ganz herzlich auf unserer neuen Webseite. Wir freuen uns über Ihr Interesse an dem  Thema „Freimaurerei“.</p>
<p>Unsere Loge Minerva am Rhein und Main wurde am 28.Juni 1967 gegründet und am 08.Juli 1967 in den Universalen FREIMAURERORDEN HUMANITAS aufgenommen.<br />
Aus personellen Gründen wurde die Loge im Jahre 1990 schlafen gelegt.<br />
Im Jahre 2013 gründeten einige Freimaurermeister die Loge neu, und führten im November 2013 ihre erste Tempelarbeit durch. Wir gehören der Großloge „HUMANITAS Freimaurergroßloge für Frauen und Männer“ sowie dem internationalen Dachverband „CATENA“ an.<br />
Unsere Loge steht allen Menschen offen, die sich zu freimaurerischer Mitarbeit berufen fühlen, ohne Unterschied der Rasse, der Nation, des Glaubens, der Weltanschauung, des Standes, der Hautfarbe und des Geschlechts.</p>


<p>Neuwahl des Meisters vom Stuhl:</p>



<p><strong>Wahl des Stuhlmeisters der Freimaurerloge Minerva</strong></p>



<p>Nach altem Brauchtum und gemäß den geltenden Regeln unserer Loge fand am 31. Januar 2026 im Rahmen einer Vollversammlung der Logenmitglieder die Wahl eines neuen Meisters vom Stuhl statt. Diese Wahl markiert einen bedeutsamen Moment im Leben der Loge und steht zugleich für Kontinuität wie auch für Erneuerung innerhalb unserer brüderlichen Gemeinschaft.</p>



<p>Der scheidende Meister vom Stuhl, der die Geschicke der Loge seit dem Jahr 2013 mit großem Engagement, Umsicht und Verantwortungsbewusstsein geleitet hat, hatte bereits im Vorfeld den Wunsch geäußert, die Leitung der Loge in jüngere Hände zu übergeben. Sein Wirken war geprägt von Beständigkeit, innerer Festigung der Loge sowie der Pflege freimaurerischer Werte und Traditionen.</p>



<p>Mit der nun erfolgten Wahl verbindet sich die Hoffnung, dass der neu gewählte Stuhlmeister die bewährten Grundlagen weiterführt und zugleich neue Impulse setzt, damit die Loge Minerva auch künftig ein lebendiger Ort brüderlicher Begegnung, geistiger Arbeit und persönlicher Entwicklung bleibt. </p>

<p>Loge Minerva – Geschichte Sehr verehrte Besucher, wir begrüßen Sie alle ganz herzlich auf unserer neuen Webseite. Wir freuen uns über Ihr Interesse an dem  Thema „Freimaurerei“. Unsere Loge Minerva am Rhein und Main wurde am 28.Juni 1967 gegründet und am 08.Juli 1967 in den Universalen FREIMAURERORDEN HUMANITAS aufgenommen. Aus personellen Gründen wurde die Loge &hellip; </p>
<p class="link-more"><a href="https://loge-minerva-mainz.de/?page_id=31" class="more-link"><span class="screen-reader-text">„Über uns“ </span>weiterlesen</a></p>
