{"id":84,"date":"2017-04-06T13:36:45","date_gmt":"2017-04-06T13:36:45","guid":{"rendered":"http:\/\/loge-minerva-mainz.de\/?page_id=84"},"modified":"2017-04-27T22:20:00","modified_gmt":"2017-04-27T22:20:00","slug":"impressum","status":"publish","type":"page","link":"https:\/\/loge-minerva-mainz.de\/?page_id=84","title":{"rendered":"Impressum"},"content":{"rendered":"<h1>Impressum &amp; Rechtliche Hinweise<\/h1>\n<p>Freimaurerloge Minerva am Rhein und bei Main i:O.: Mainz<\/p>\n<h2>Kontakt:<\/h2>\n<table>\n<tbody>\n<tr>\n<td>E-Mail:<\/td>\n<td>mvst@loge-minerva-mainz.de<\/td>\n<\/tr>\n<tr>\n<td><\/td>\n<td><a href=\"mailto:info@loge-minerva-mainz.de\">\u00a0info@loge-minerva-mainz.de<\/a><\/td>\n<\/tr>\n<tr>\n<td>\u00a0Facebook:<\/td>\n<td>\u00a0<a href=\"https:\/\/www.facebook.com\/Freimaurer-Loge-Minerva-Mainz-Alzey-1212214118804623\/\" target=\"_blank\" rel=\"noopener noreferrer\">Unsere Facebookseite finden Sie hier<\/a><\/td>\n<\/tr>\n<\/tbody>\n<\/table>\n<p>&nbsp;<\/p>\n<p><img loading=\"lazy\" decoding=\"async\" class=\"alignnone size-full wp-image-98\" src=\"http:\/\/loge-minerva-mainz.de\/wp-content\/uploads\/2017\/04\/MinervaMedallie.jpg\" alt=\"\" width=\"233\" height=\"229\" \/><\/p>\n<h2>Rechtliche Hinweise<\/h2>\n<p>1. Allgemeiner Haftungsausschluss<\/p>\n<p>Die Freimaurerloge Minerva am Rhein und bei Main i.O. Mainz ist bem\u00fcht, die Informationen auf dieser Web-Seite so aktuell und vollst\u00e4ndig zu halten, wie m\u00f6glich. Trotz aller Sorgfalt k\u00f6nnen sich die Daten jedoch seit der letzten Aktualisierung ver\u00e4ndert haben. Die Freimaurerloge Minerva am Rhein und bei Main i.O. Mainz \u00fcbernimmt daher keine Haftung oder Garantie f\u00fcr die Aktualit\u00e4t, Richtigkeit und Vollst\u00e4ndigkeit der zur Verf\u00fcgung gestellten Informationen und steht &#8211; au\u00dfer in F\u00e4llen nachweislich vors\u00e4tzlichen oder grob fahrl\u00e4ssigen Verhaltens &#8211; nicht f\u00fcr Sch\u00e4den ein, die durch die Nutzung der auf ihrer Webseite enthaltenen Informationen verursacht wurden. Die Freimaurerloge Minerva am Rhein und bei Main i.O. Mainz beh\u00e4lt sich das Recht vor, jederzeit \u00c4nderungen an ihrer Web-Pr\u00e4senz vorzunehmen, insbesondere die dort bereitgehaltenen Informationen anders zu strukturieren, zu erg\u00e4nzen und zu l\u00f6schen, sowie den Zugriff auf die Webseite ganz oder teilweise zu beschr\u00e4nken.<\/p>\n<p>Von redaktionellen Inhalten, die von den Partnern der Freimaurerloge Minerva am Rhein und bei Main i.O. Mainz zur Verf\u00fcgung gestellt und in das Online-Angebot der Freimaurerloge Minerva am Rhein und bei Main i.O. Mainz integriert worden sind, distanziert sich die Freimaurerloge Minerva am Rhein und bei Main i.O. Mainz ausdr\u00fccklich; solche Beitr\u00e4ge werden als ausdr\u00fccklich mit dem Namen des jeweiligen Autors und einem entsprechenden Hinweis gekennzeichnet. F\u00fcr die Aktualit\u00e4t, Richtigkeit, Vollst\u00e4ndigkeit und rechtliche Zul\u00e4ssigkeit der so gekennzeichneten Informationen, insbesondere zu Produkten und Dienstleistungen des jeweiligen Partners, steht die Freimaurerloge Minerva am Rhein und bei Main i.O. Mainz nicht ein und macht sich die so gekennzeichneten Informationen nicht zu eigen.<\/p>\n<p>2. Hyperlinks \/ Verkn\u00fcpfungen<\/p>\n<p>An unterschiedlichen Stellen des Online-Angebots der Freimaurerloge Minerva am Rhein und bei Main i.O. Mainz wird \u00fcber Hyperlinks auf weiterf\u00fchrende Seite verwiesen, die teils innerhalb, teils au\u00dferhalb des Verantwortungsbereichs der Freimaurerloge Minerva am Rhein und bei Main i.O. Mainz liegen. Sofern die verlinkten Ziele au\u00dferhalb des Verantwortungsbereichs der Freimaurerloge Minerva am Rhein und bei Main i.O. Mainz liegen, \u00f6ffnen sich die verlinkten Ziele in einem separaten Fenster und es ist auch \u00fcber die Adresszeile des jeweiligen Browsers zu erkennen, dass die aufgerufene Seite nicht mehr als Unterseite zur Web-Pr\u00e4senz der Freimaurerloge Minerva am Rhein und bei Main i.O. Mainz geh\u00f6rt.<\/p>\n<p>F\u00fcr diese au\u00dferhalb des Verantwortungsbereichs der Freimaurerloge Minerva am Rhein und bei Main i.O. Mainz liegenden und mit dem Online-Angebot der Freimaurerloge Minerva am Rhein und bei Main i.O. Mainz verlinkten Seiten haftet die Freimaurerloge Minerva am Rhein und bei Main i.O. Mainz nur f\u00fcr den Fall, dass die Freimaurerloge Minerva am Rhein und bei Main i.O. Mainz von etwaigen rechtswidrigen Handlungen oder Inhalten Kenntnis hat und die Freimaurerloge Minerva am Rhein und bei Main i.O. Mainz den entsprechenden Verweis nicht unverz\u00fcglich entfernt, obwohl dies m\u00f6glich und zumutbar ist.<\/p>\n<p>Die Freimaurerloge Minerva am Rhein und bei Main i.O. Mainz hat beim erstmaligen Setzen des Hyperlinks die verbundenen fremden Inhalte daraufhin \u00fcberpr\u00fcft, ob sich hieraus offensichtlich eine zivilrechtliche oder strafrechtliche Verantwortlichkeit der Freimaurerloge Minerva am Rhein und bei Main i.O. Mainz ergeben kann und festgestellt, dass dies nicht der Fall war. Die Freimaurerloge Minerva am Rhein und bei Main i.O. Mainz ist aufgrund des damit verbundenen zeitlichen, personellen und finanziellen Aufwands nicht in der Lage und rechtlich nicht verpflichtet, einmal gesetzte Hyperlinks fortlaufend daraufhin zu \u00fcberpr\u00fcfen, ob die verlinkten Inhalte ver\u00e4ndert worden sind und ob sich hieraus m\u00f6glicherweise eine Verantwortlichkeit der Freimaurerloge Minerva am Rhein und bei Main i.O. Mainz ergeben k\u00f6nnte. Sobald die Freimaurerloge Minerva am Rhein und bei Main i.O. Mainz jedoch feststellt oder von Dritten darauf hingewiesen wird, dass einzelne Hyperlinks auf rechtswidrige Inhalte verweisen, wird die Freimaurerloge Minerva am Rhein und bei Main i.O. Mainz den betreffenden Hyperlink &#8211; soweit dies m\u00f6glich und zumutbar ist &#8211; entfernen. Entsprechende Hinweise senden Sie bitte an info(at)loge-minerva-mainz(dot)de.<\/p>\n<p>3. Urheber- und Markenrechte<\/p>\n<p>Das Layout des Online-Angebots der Freimaurerloge Minerva am Rhein und bei Main i.O. Mainz samt der verwendeten Grafiken, Bilder und Texte ist urheberrechtlich gesch\u00fctzt. Die Seiten d\u00fcrfen nur zum privaten Gebrauch vervielf\u00e4ltigt, \u00c4nderungen nicht vorgenommen und Vervielf\u00e4ltigungsst\u00fccke ohne Genehmigung der Freimaurerloge Minerva am Rhein und bei Main i.O. Mainz nicht verbreitet werden.<\/p>\n<p>Sollten an Elementen des Online-Angebots der Freimaurerloge Minerva am Rhein und bei Main i.O. Mainz, namentlich an Grafiken, Bildern oder Beitr\u00e4gen, fremde Urheber- oder Markenrechte bestehen, die bei Erstellung des Online-Angebots trotz Pr\u00fcfung von Seiten der Freimaurerloge Minerva am Rhein und bei Main i.O. Mainz nicht festgestellt werden konnten, bittet die Freimaurerloge Minerva am Rhein und bei Main i.O. Mainz um entsprechende Mitteilung durch den Inhaber des jeweiligen Rechts; im Falle einer derartigen unbeabsichtigten Verletzung eines Urheber- oder Markenrechts wird die Freimaurerloge Minerva am Rhein und bei Main i.O. Mainz das Online-Angebot unverz\u00fcglich entsprechend \u00e4ndern oder &#8211; unter Beibehaltung der entsprechenden Inhalte und in Abstimmung mit dem Rechteinhaber &#8211; eine angemessene Kennzeichnung der Rechte herbeif\u00fchren.<\/p>\n<p>4. Salvatorische Klausel<\/p>\n<p>Die vorstehenden rechtlichen Hinweise gelten mitsamt der darin enthaltenen Haftungsausschl\u00fcsse f\u00fcr die Nutzung der Web-Angebote der Freimaurerloge Minerva am Rhein und bei Main i.O. Mainz unter http:\/\/loge-minerva-mainz.de und http:\/\/www.loge-minerva-mainz.de. Sofern einzelne Bestimmungen dieses Disclaimers nichtig, unwirksam oder l\u00fcckenhaft sind, bleibt die G\u00fcltigkeit der \u00fcbrigen Regelungen hiervon unber\u00fchrt. Es gilt ausschlie\u00dflich deutsches Recht.<\/p>\n","protected":false},"excerpt":{"rendered":"<p>Impressum &amp; Rechtliche Hinweise Freimaurerloge Minerva am Rhein und bei Main i:O.: Mainz Kontakt: E-Mail: mvst@loge-minerva-mainz.de \u00a0info@loge-minerva-mainz.de \u00a0Facebook: \u00a0Unsere Facebookseite finden Sie hier &nbsp; Rechtliche Hinweise 1. Allgemeiner Haftungsausschluss Die Freimaurerloge Minerva am Rhein und bei Main i.O. Mainz ist bem\u00fcht, die Informationen auf dieser Web-Seite so aktuell und vollst\u00e4ndig zu halten, wie m\u00f6glich. Trotz &hellip; <\/p>\n<p class=\"link-more\"><a href=\"https:\/\/loge-minerva-mainz.de\/?page_id=84\" class=\"more-link\"><span class=\"screen-reader-text\">\u201eImpressum\u201c <\/span>weiterlesen<\/a><\/p>\n","protected":false},"author":1,"featured_media":0,"parent":0,"menu_order":0,"comment_status":"closed","ping_status":"closed","template":"","meta":{"footnotes":""},"class_list":["post-84","page","type-page","status-publish","hentry"],"_links":{"self":[{"href":"https:\/\/loge-minerva-mainz.de\/index.php?rest_route=\/wp\/v2\/pages\/84","targetHints":{"allow":["GET"]}}],"collection":[{"href":"https:\/\/loge-minerva-mainz.de\/index.php?rest_route=\/wp\/v2\/pages"}],"about":[{"href":"https:\/\/loge-minerva-mainz.de\/index.php?rest_route=\/wp\/v2\/types\/page"}],"author":[{"embeddable":true,"href":"https:\/\/loge-minerva-mainz.de\/index.php?rest_route=\/wp\/v2\/users\/1"}],"replies":[{"embeddable":true,"href":"https:\/\/loge-minerva-mainz.de\/index.php?rest_route=%2Fwp%2Fv2%2Fcomments&post=84"}],"version-history":[{"count":9,"href":"https:\/\/loge-minerva-mainz.de\/index.php?rest_route=\/wp\/v2\/pages\/84\/revisions"}],"predecessor-version":[{"id":132,"href":"https:\/\/loge-minerva-mainz.de\/index.php?rest_route=\/wp\/v2\/pages\/84\/revisions\/132"}],"wp:attachment":[{"href":"https:\/\/loge-minerva-mainz.de\/index.php?rest_route=%2Fwp%2Fv2%2Fmedia&parent=84"}],"curies":[{"name":"wp","href":"https:\/\/api.w.org\/{rel}","templated":true}]}}